te the highest common divisor of 2110 and 345910.
10
Calculate the greatest common factor of 1407964954 and 22.
22
What is the highest common divisor of 1074 and 324527?
179
What is the highest common factor of 35797 and 287?
1
What is the greatest common divisor of 363087051 and 309?
309
Calculate the highest common divisor of 320039642 and 3107.
3107
Calculate the highest common divisor of 32 and 29277232.
16
Calculate the greatest common factor of 114097247 and 6721.
517
What is the greatest common factor of 401778 and 27534?
78
What is the highest common factor of 8549105 and 5140?
1285
What is the greatest common divisor of 180 and 154212165?
45
What is the greatest common factor of 204138 and 10746?
18
What is the greatest common divisor of 170457 and 144151?
7
Calculate the greatest common divisor of 200 and 6299920.
40
Calculate the highest common divisor of 31008600 and 84.
84
Calculate the greatest common factor of 2796 and 522852.
2796
Calculate the highest common divisor of 264575296 and 256.
64
What is the greatest common factor of 4238 and 29952?
26
Calculate the highest common divisor of 79456 and 464.
16
Calculate the greatest common divisor of 113 and 15726436.
113
What is the greatest common factor of 7 and 42479339?
7
Calculate the greatest common factor of 48892896 and 7020.
1404
What is the highest common divisor of 388994959 and 2182?
1091
Calculate the greatest common factor of 680472 and 67392.
936
What is the highest common divisor of 8758 and 927870689?
4379
What is the greatest common factor of 4 and 81001268?
4
Calculate the highest common factor of 371 and 1909113.
53
Calculate the greatest common divisor of 24 and 137813768.
8
Calculate the highest common divisor of 1151032 and 888.
8
What is the highest common divisor of 173145 and 14396025?
1785
Calculate the greatest common divisor of 2 and 661668482.
2
What is the greatest common divisor of 6435639 and 50031?
459
What is the highest common divisor of 12 and 1348124?
4
What is the greatest common divisor of 8864 and 63035228?
1108
What is the highest common divisor of 102879 and 7686?
63
Calculate the highest common divisor of 24 and 53847192.
24
What is the greatest common factor of 665313 and 2607?
33
What is the highest common divisor of 4096 and 502810624?
2048
What is the greatest common factor of 2304 and 28790208?
576
Calculate the greatest common factor of 955956 and 167567.
2747
Calculate the highest common divisor of 338670 and 1278.
1278
What is the highest common divisor of 12610 and 17097899?
1261
What is the highest common divisor of 2023908 and 48?
12
Calculate the highest common factor of 67542780 and 140.
20
What is the highest common divisor of 23739513 and 42?
21
What is the greatest common factor of 18161872 and 57?
19
What is the highest common factor of 2171014 and 401?
401
Calculate the greatest common divisor of 80807324 and 38012.
884
Calculate the highest common factor of 22338 and 7267734.
1314
What is the highest common divisor of 254048 and 95472?
272
What is the greatest common divisor of 297 and 7807074?
33
Calculate the highest common divisor of 90852 and 3729452.
452
What is the highest common divisor of 2072 and 6089258?
14
What is the greatest common factor of 558 and 6377289?
93
What is the greatest common divisor of 13281906 and 88?
22
Calculate the highest common factor of 46259868 and 12.
12
Calculate the greatest common factor of 1779712 and 15488.
1408
What is the greatest common divisor of 186922 and 7524?
38
What is the greatest common divisor of 1695412 and 5?
1
What is the highest common divisor of 77041253 and 339?
113
What is the greatest common factor of 41247 and 3681?
9
What is the highest common factor of 24466267 and 63?
7
What is the highest common factor of 2126961 and 639?
9
What is the greatest common divisor of 5434490 and 236?
118
What is the highest common divisor of 72 and 53190738?
18
Calculate the greatest common factor of 172520 and 624477.
227
Calculate the greatest common divisor of 32508 and 77886846.
2322
Calculate the greatest common factor of 703152 and 64250.
514
What is the greatest common divisor of 60 and 639420?
60
Calculate the highest common factor of 150950141 and 267.
89
What is the greatest common factor of 1103158 and 6048?
14
Calculate the highest common factor of 82619988 and 18.
6
What is the greatest common factor of 465 and 1619115?
15
What is the greatest common factor of 341 and 1837891?
11
What is the highest common divisor of 14472 and 5308008?
1608
What is the highest common factor of 19541256 and 246?
246
What is the highest common divisor of 100264 and 1397656?
1208
What is the greatest common factor of 34253950 and 852?
142
Calculate the highest common factor of 15 and 1110750.
15
Calculate the highest common divisor of 3606867 and 27.
9
Calculate the greatest common factor of 4870 and 168616932.
974
What is the highest common factor of 11570 and 3653?
13
What is the highest common divisor of 2672 and 113281444?
668
What is the greatest common divisor of 1037 and 257603?
61
Calculate the greatest common factor of 219194 and 128.
2
What is the highest common factor of 1461942379 and 94?
47
What is the greatest common factor of 125 and 11465875?
125
What is the greatest common factor of 399169 and 7955?
43
Calculate the greatest common factor of 4716312 and 43624.
328
What is the highest common divisor of 144 and 7979319?
9
Calculate the highest common divisor of 15335805 and 75.
15
What is the greatest common divisor of 150123 and 553874?
163
What is the greatest common divisor of 5130311 and 187?
17
What is the highest common factor of 2406439 and 63315?
469
What is the greatest common factor of 24570 and 1115666370?
8190
What is the greatest common divisor of 4043880 and 770058?
4302
What is the highest common divisor of 546 and 403962?
78
What is the greatest common divisor of 850008 and 307830?
1986
What is the greatest common factor of 16511694 and 222?
222
What is the greatest common divisor of 764 and 242071490?
382
What is the highest common divisor of 3205056 and 60936?
24
Calculate the greatest common factor of 1399169 and 119201.
199
Calculate the highest common divisor of 163652535 and 513.
27
Calculate the greatest common factor of 663 and 7125737.
17
What is the highest common divisor of 14609461 and 12901?
1843
What is the greatest common factor of 506 and 479001634?
46
Calculate the highest common divisor of 90478 and 126122.
38
Calculate the greatest common divisor of 392250 and 8368.
1046
Calculate the greatest common divisor of 429168 and 3072.
48
Calculate the highest common factor of 10 and 10846130.
10
What is the greatest common factor of 30760162 and 349?
349
What is the greatest common divisor of 104570402 and 1852?
926
Calculate the highest common factor of 313676 and 2761.
11
Calculate the highest common divisor of 5415 and 540810.
15
Calculate the highest common divisor of 28998 and 1644652.
358
What is the greatest common factor of 6480 and 2283795?
405
What is the highest common factor of 1807 and 31716464?
1807
What is the highest common factor of 380 and 62849815?
95
What is the greatest common divisor of 64421 and 1211?
7
Calculate the highest common factor of 50 and 80568060.
10
What is the highest common factor of 20214 and 12861?
9
What is the highest common divisor of 462545 and 108625?
395
Calculate the greatest common factor of 42 and 41738522.
14
What is the highest common divisor of 12 and 39884304?
12
Calculate the greatest common factor of 148 and 139999268.
148
Calculate the highest common divisor of 3106203 and 184611.
447
What is the greatest common divisor of 445 and 633146?
89
What is the greatest common factor of 3983 and 94815884?
569
Calculate the greatest common divisor of 5824005 and 20680.
2585
What is the highest common factor of 670 and 188130?
10
Calculate the highest common factor of 171 and 331873.
19
What is the greatest common factor of 9262 and 33494339?
421
Calculate the highest common divisor of 21288502 and 254.
254
Calculate the highest common factor of 632 and 23624239.
79
Calculate the highest common divisor of 2305248 and 52022.
74
What is the highest common factor of 20419 and 3227?
7
Calculate th